*y + m = 4. What are the prime factors of y?
2, 5
Let u be 1 - (-6 - -3 - 34). Let c = u - 19. What are the prime factors of c?
19
Suppose 0 = -4*u + 3*k + 60, -k - 2*k = 0. What are the prime factors of u?
3, 5
Let y(n) = -n**2 + 5*n + 7. Let f(v) = 2*v + 3. Let d(h) = 9*f(h) - 4*y(h). Let p be d(-1). Suppose p = o - 2*l, -2*l + 3 = l. List the prime factors of o.
7
Let m(n) = n**3 - 5*n**2 - 4*n - 4. Suppose -22 = -4*v + 2. Let b be m(v). Suppose -5*r = -r - b. List the prime factors of r.
2
Suppose 16*v + 13 = 17*v. What are the prime factors of v?
13
Suppose -648 = -6*o + 558. List the prime factors of o.
3, 67
Let l be ((-5)/3)/((-2)/(-6)). Let n = l + 9. List the prime factors of n.
2
Suppose 0 = g - 57 + 13. Let j = g + -29. List the prime factors of j.
3, 5
Let d(p) be the second derivative of -p**5/60 + p**4/24 + 5*p**3/6 - 3*p**2/2 - p. Let t(i) be the first derivative of d(i). List the prime factors of t(0).
5
Let x(j) = 8*j - 3. List the prime factors of x(4).
29
List the prime factors of ((-65)/(-2) - 1)/((-11)/(-22)).
3, 7
Suppose v = -0*v + 46. What are the prime factors of v?
2, 23
Let z(r) = 5*r**2 + 13*r. Let d(b) = 14*b**2 + 38*b - 1. Let g(v) = -6*d(v) + 17*z(v). Let x be g(4). Let n = x - -11. List the prime factors of n.
5
Let a = 23 + 23. What are the prime factors of a?
2, 23
What are the prime factors of (1590/(-45))/(2/(-3))?
53
Let g = -15 + 15. Let t(i) = 18 - 3*i + 2*i + 0*i. What are the prime factors of t(g)?
2, 3
Suppose 5*w + 11 = 16. Let b(a) be the first derivative of 6*a**3 + 1. What are the prime factors of b(w)?
2, 3
What are the prime factors of 3*(-4)/3 - -56?
2, 13
Let w(c) = -2*c**2 - 9*c. Let t(s) = -3*s**2 - 17*s. Let k(o) = -3*t(o) + 5*w(o). List the prime factors of k(5).
5
Suppose 0 = d - 5*r - 79 - 16, 148 = 2*d + 4*r. Suppose -2*s = 3*s - d. List the prime factors of s.
2
Let h(z) = -z**3 + 3*z + 22. Let d(b) = -b - 1. Let u(l) = 2*d(l) + h(l). List the prime factors of u(0).
2, 5
Let v = 573 - 328. List the prime factors of v.
5, 7
Suppose 12 = -4*u + 3*m, -2*m = -u + m - 3. Let c = 13 + u. List the prime factors of c.
2, 5
Let u(x) = 2*x**2 + x - 1. Let c be u(1). Let b be 1 + c + 4/2. Suppose -2*q - 16 = -5*j + 8, 4*q - 12 = -b*j. List the prime factors of j.
2
Let p(a) = 2*a + 1. Let n(d) = -d - 1. Let w(k) = -5*n(k) - 6*p(k). List the prime factors of w(-1).
2, 3
Let y = -2 - -9. Suppose -6*v = -y*v + 22. What are the prime factors of v?
2, 11
Suppose -3*s - l - 11 = -s, l - 5 = 0. Suppose -2 - 2 = -2*x. List the prime factors of x/s - 39/(-12).
3
Suppose 0 = 13*n - 18*n + 1225. List the prime factors of n.
5, 7
Let n = 485 + -284. What are the prime factors of n?
3, 67
Suppose 2*l + l - 5 = -4*b, -b = 4*l - 11. List the prime factors of l/(-6)*1*-10.
5
Let s be 2/10 - (-4)/(-20). Suppose 0*y - 3*y + 36 = s. List the prime factors of (y/(-8))/(1/(-4)).
2, 3
Let l be (-2)/6 - 130/(-3). Let u = -20 + l. Suppose 3 = -4*t + u. What are the prime factors of t?
5
Let h(j) = -4*j**2 - 2. Let s be h(-2). Let z be 364/s + 6/27. Let r = z + 28. List the prime factors of r.
2
Let b(w) = w**3 + 2*w**2 + w. Let s(h) = h + 7. Let m be s(-8). Let y be b(m). Suppose y = k - 6*k + 50. What are the prime factors of k?
2, 5
Let x(c) = -5*c - 1 + 19*c + 19*c. List the prime factors of x(1).
2
Let f(o) = o**3 - 9*o**2 + 7*o + 9. Let d be f(8). Let x = 2 + d. List the prime factors of x.
3
Let i be (0 - -1) + (-18)/(-6). Suppose -p - i*o + 8 = 0, 3*p + 0*o + 5*o - 17 = 0. Suppose 0 = -p*k + 26 + 18. List the prime factors of k.
11
Let d be 1*(2 + (-1 - 1)). Suppose -i + 6*i - 40 = d. What are the prime factors of i?
2
Let s be 4/8*(0 - -2). Let i = s - -34. What are the prime factors of i?
5, 7
Let c(i) = 11*i**2 + 9*i + 14. List the prime factors of c(-4).
2, 7, 11
Let t be 32/(0 + 1) + -2. Suppose t = 3*v + b + b, 6 = v + 2*b. What are the prime factors of v?
2, 3
Let g(v) = v - 3. Let t be g(-3). Let n be t/(-30) + 16/(-5). List the prime factors of (-5 + -1)/n - -6.
2
Let k = -7 - -15. Suppose 7 = l - k. What are the prime factors of l?
3, 5
Let s be 1 - (-1 + 2) - -12. Suppose i + 0*i = s. What are the prime factors of i?
2, 3
Let f(v) = -v**3 - 9*v**2 - 13*v + 13. List the prime factors of f(-9).
2, 5, 13
Suppose 0 = -2*p - 7 - 17. Let y = p + 48. What are the prime factors of y?
2, 3
Let l(y) = 4*y + 11. Let v be -1*-1*(12 - 4). List the prime factors of l(v).
43
Let p be (1 + 1)*(-2 + 15). Let h be 2 + 3 + 3 + -8. Suppose h + p = 2*j. What are the prime factors of j?
13
Let o be 5 + -1 + 3 + 0. Let w(i) = 4*i - 2. List the prime factors of w(o).
2, 13
Suppose 0 = -5*o - 8*o + 715. List the prime factors of o.
5, 11
Let b = -10 - -32. List the prime factors of b.
2, 11
Let p = 537 + -302. List the prime factors of p.
5, 47
Let u be (6/1)/((-4)/(-18)). Suppose x - u = -2*x. List the prime factors of x.
3
List the prime factors of 3/1*(13 + 0).
3, 13
Let i(l) = -l**3 - 6*l**2 + 9*l - 6. Let r be i(-7). List the prime factors of (8/(-10))/(4/r).
2
Let w(y) = -y**3 - 2*y**2 - 3*y - 1. Let c(v) = v**3 + v**2 + v + 1. Let q(o) = -c(o) + w(o). What are the prime factors of q(-2)?
2, 5
What are the prime factors of ((-98)/(-21))/(2/24)?
2, 7
Suppose r - 20 = 2*r - 3*y, y - 58 = 5*r. Let k = r + 28. What are the prime factors of k?
17
Let s = 7 - 7. Let d = 33 + s. What are the prime factors of d?
3, 11
Let x(p) = -p**3 - 6*p**2 - 4*p - 5. Let m be x(-4). Let r = 4 - m. Suppose -2*n - 10 = -2*b, -2*b = -0*n + n - r. What are the prime factors of b?
2, 5
Suppose -30 = -2*f - f. Suppose 0*w + f = w. Suppose -w = 4*k - 5*k - 3*d, 4*d = 0. List the prime factors of k.
2, 5
Suppose 0 = -3*c + 18 + 21. Suppose 17 = 5*n - c. What are the prime factors of (14 - -1)*n/9?
2, 5
Suppose 12 = l - 40. What are the prime factors of l?
2, 13
Let f(d) be the second derivative of 0 - 3*d - 2*d**2 - 1/12*d**4 + 11/6*d**3. What are the prime factors of f(9)?
2, 7
Let q be (-1)/2*(2 - -976). List the prime factors of q/(-33) + 4/22.
3, 5
Suppose -9*s + 6*s + 162 = 0. What are the prime factors of s?
2, 3
Let n(b) = b**2 + 2*b - 2. Let d be n(-3). Let o be (1 - d) + 3/1. Suppose 5 = a - o. List the prime factors of a.
2
Suppose -9 = 3*w, f = -w - 2*w - 11. Suppose 2*r - 26 = h - 2*r, 25 = 5*r. What are the prime factors of (26/h)/(f/6)?
13
Let z(x) = -3*x - 13. What are the prime factors of z(-16)?
5, 7
Suppose 2*t = -4*c + 18, -3*c - c + 4*t = 0. Suppose -27 = -5*m + 2*z, -c*z + 0*z + 26 = 2*m. List the prime factors of m.
7
Let k = 653 + -343. What are the prime factors of k?
2, 5, 31
Suppose -2*s - 5*q + 11 = -0*s, -q + 13 = 4*s. Let u(t) = -2*t + t + s - 2. What are the prime factors of u(-7)?
2
Let k(j) = j**2 - 4*j - 3. Let m = -6 - -11. Suppose i - m*x - 20 = 0, 2*x - 4 + 5 = -i. List the prime factors of k(i).
2
Let v(b) = b - 4. Let g be v(6). Suppose -w + 50 = -0*w - f, 0 = 4*w - g*f - 196. List the prime factors of w.
2, 3
Suppose 0 = 4*q + q + 20. What are the prime factors of ((-8)/(-10))/(q/(-10))?
2
Let c(b) = b**2 + 2*b. Let k = 3 - 7. List the prime factors of c(k).
2
What are the prime factors of 2/12 + 13447/102?
2, 3, 11
Let q(y) = 6*y + 6. Let x be (3 - -5)*(-1)/2. Let v be q(x). Let n = v - -29. What are the prime factors of n?
11
List the prime factors of (-8 - -8) + 268 + (0 - -1).
269
Let c be (-3)/((-3)/(-1))*-3. Suppose -a + 2*n - c = -3*n, -3*n + 7 = 2*a. What are the prime factors of a?
2
Let d(l) = l**2 - l - 3. Let t be d(3). Let r = -23 + 58. Suppose 0*s + 3*z + 21 = t*s, 5*z = -2*s + r. What are the prime factors of s?
2, 5
Let k = -1 - 1. Let z = k - -1. Let s = 5 - z. What are the prime factors of s?
2, 3
Suppose 5*v = 274 + 1271. What are the prime factors of v?
3, 103
Suppose 2*a = -0*a - 4*m + 74, -a = -3*m - 32. List the prime factors of a.
5, 7
Suppose -4*n - 113 = 547. What are the prime factors of n/(-20) - (-3)/4?
3
Let s(l) = -1 + 3*l**2 + 4*l**2 + l - 2*l**2. Let k be s(1). Suppose -k*n + 20 = -0*n. List the prime factors of n.
2
Suppose 6 = -b + 1. Let h = b + 18. What are the prime factors of h?
13
Let a = -1 + 3. Suppose -a*k = 4, 3*r - 35 = 3*k + 34. List the prime factors of r.
3, 7
Let n = 20 - 16. Suppose 2*l = -3*c - 2*l + 8, 5*c + 2*l - 18 = 0. Suppose -4*z - n*f = -c, z + 1 = 